{"id":388,"date":"2023-01-21T16:29:21","date_gmt":"2023-01-21T16:29:21","guid":{"rendered":"https:\/\/spicyflowers.fr\/?post_type=product&#038;p=388"},"modified":"2023-02-15T13:32:27","modified_gmt":"2023-02-15T13:32:27","slug":"huile-de-cbd-15-digestion-facile","status":"publish","type":"product","link":"https:\/\/spicyflowers.fr\/?product=huile-de-cbd-15-digestion-facile","title":{"rendered":"Huile de CBD &#8211; Digestion Facile 15 %"},"content":{"rendered":"<p>Stilla Digestion facile est un compl\u00e9ment alimentaire en huile de CBD con\u00e7u pour am\u00e9liorer la digestion. Il est fabriqu\u00e9 \u00e0 partir d&rsquo;extraits de chanvre naturels et de cannabino\u00efdes v\u00e9g\u00e9taux tels que le CBD, le CBG, le CBN et le CBC, ainsi que d&rsquo;huiles essentielles biologiques. Il ne contient ni additifs ni conservateurs, et est riche en om\u00e9ga-3 et om\u00e9ga-6. Il est recommand\u00e9 pour les adultes qui cherchent \u00e0 renforcer leur syst\u00e8me digestif.<\/p>\n<p>D\u00e9couvrez les bienfaits de l&rsquo;huile CBD D\u00e9tente Relaxation de Stilla, con\u00e7ue avec des ingr\u00e9dients de qualit\u00e9 sup\u00e9rieure. Elle contient de l&rsquo;huile vierge de graine de chanvre biologique fran\u00e7aise, ainsi que des extraits de CBD \u00e0 spectre large, 100% naturels. Elle est \u00e9galement enrichie en huiles essentielles bio de menthe poivr\u00e9e, d&rsquo;estragon et de citron pour un effet d\u00e9tente et relaxation encore plus prononc\u00e9. Le taux de CBD dans cette huile est de 98,3%, avec un taux de CBG de 1,4%, CBN CBC de moins de 0,05% et THC de 0%. Elle contient 1500mg de cannabino\u00efdes\/CBD.<\/p>\n<p>Pour une utilisation optimale, prenez 3 gouttes 3 fois par jour en phase d&rsquo;attaque, ou 3 gouttes 2 fois par jour en phase d&rsquo;entretien. Agitez bien le flacon avant la premi\u00e8re utilisation et prenez l&rsquo;huile tout au long de la journ\u00e9e. Elle est recommand\u00e9e pour les adultes souhaitant renforcer leur organisme et les personnes \u00e2g\u00e9es. Consultez un m\u00e9decin avant de l&rsquo;utiliser si vous \u00eates enceinte ou allaitante.<\/p>\n","protected":false},"excerpt":{"rendered":"<p>Stilla Digestion facile est un compl\u00e9ment alimentaire en huile de CBD con\u00e7u pour am\u00e9liorer la digestion. Il est fabriqu\u00e9 \u00e0 partir d&rsquo;extraits de chanvre naturels et de cannabino\u00efdes v\u00e9g\u00e9taux tels que le CBD, le CBG, le CBN et le CBC, ainsi que d&rsquo;huiles essentielles biologiques. Il ne contient ni additifs ni conservateurs, et est riche en om\u00e9ga-3 et om\u00e9ga-6. Il est recommand\u00e9 pour les adultes qui cherchent \u00e0 renforcer leur syst\u00e8me digestif.<\/p>\n","protected":false},"featured_media":381,"comment_status":"open","ping_status":"closed","template":"","meta":{"site-sidebar-layout":"default","site-content-layout":"default","ast-site-content-layout":"default","site-content-style":"default","site-sidebar-style":"default","ast-global-header-display":"","ast-banner-title-visibility":"","ast-main-header-display":"","ast-hfb-above-header-display":"","ast-hfb-below-header-display":"","ast-hfb-mobile-header-display":"","site-post-title":"","ast-breadcrumbs-content":"","ast-featured-img":"","footer-sml-layout":"","ast-disable-related-posts":"","theme-transparent-header-meta":"default","adv-header-id-meta":"","stick-header-meta":"","header-above-stick-meta":"","header-main-stick-meta":"","header-below-stick-meta":"","astra-migrate-meta-layouts":"default","ast-page-background-enabled":"default","ast-page-background-meta":{"desktop":{"background-color":"var(--ast-global-color-4)","background-image":"","background-repeat":"repeat","background-position":"center center","background-size":"auto","background-attachment":"scroll","background-type":"","background-media":"","overlay-type":"","overlay-color":"","overlay-opacity":"","overlay-gradient":""},"tablet":{"background-color":"","background-image":"","background-repeat":"repeat","background-position":"center center","background-size":"auto","background-attachment":"scroll","background-type":"","background-media":"","overlay-type":"","overlay-color":"","overlay-opacity":"","overlay-gradient":""},"mobile":{"background-color":"","background-image":"","background-repeat":"repeat","background-position":"center center","background-size":"auto","background-attachment":"scroll","background-type":"","background-media":"","overlay-type":"","overlay-color":"","overlay-opacity":"","overlay-gradient":""}},"ast-content-background-meta":{"desktop":{"background-color":"var(--ast-global-color-5)","background-image":"","background-repeat":"repeat","background-position":"center center","background-size":"auto","background-attachment":"scroll","background-type":"","background-media":"","overlay-type":"","overlay-color":"","overlay-opacity":"","overlay-gradient":""},"tablet":{"background-color":"var(--ast-global-color-5)","background-image":"","background-repeat":"repeat","background-position":"center center","background-size":"auto","background-attachment":"scroll","background-type":"","background-media":"","overlay-type":"","overlay-color":"","overlay-opacity":"","overlay-gradient":""},"mobile":{"background-color":"var(--ast-global-color-5)","background-image":"","background-repeat":"repeat","background-position":"center center","background-size":"auto","background-attachment":"scroll","background-type":"","background-media":"","overlay-type":"","overlay-color":"","overlay-opacity":"","overlay-gradient":""}}},"product_brand":[],"product_cat":[36],"product_tag":[],"class_list":{"0":"post-388","1":"product","2":"type-product","3":"status-publish","4":"has-post-thumbnail","6":"product_cat-huiles-de-cbd","7":"desktop-align-left","8":"tablet-align-left","9":"mobile-align-left","11":"first","12":"instock","13":"taxable","14":"shipping-taxable","15":"purchasable","16":"product-type-variable"},"yoast_head":"<!-- This site is optimized with the Yoast SEO plugin v27.3 - https:\/\/yoast.com\/product\/yoast-seo-wordpress\/ -->\n<title>Huile de CBD - Digestion Facile 15 % -<\/title>\n<meta name=\"description\" content=\"Stilla Digestion facile est un compl\u00e9ment alimentaire en huile de CBD con\u00e7u pour am\u00e9liorer la digestion. Il est fabriqu\u00e9 \u00e0 partir d&#039;extraits de chanvre naturels et de cannabino\u00efdes v\u00e9g\u00e9taux tels que le CBD, le CBG, le CBN et le CBC, ainsi que d&#039;huiles essentielles biologiques. Il ne contient ni additifs ni conservateurs, et est riche en om\u00e9ga-3 et om\u00e9ga-6. Il est recommand\u00e9 pour les adultes qui cherchent \u00e0 renforcer leur syst\u00e8me digestif.\" \/>\n<meta name=\"robots\" content=\"index, follow, max-snippet:-1, max-image-preview:large, max-video-preview:-1\" \/>\n<link rel=\"canonical\" href=\"https:\/\/spicyflowers.fr\/?product=huile-de-cbd-15-digestion-facile\" \/>\n<meta property=\"og:locale\" content=\"fr_FR\" \/>\n<meta property=\"og:type\" content=\"article\" \/>\n<meta property=\"og:title\" content=\"Huile de CBD - Digestion Facile 15 % -\" \/>\n<meta property=\"og:description\" content=\"Stilla Digestion facile est un compl\u00e9ment alimentaire en huile de CBD con\u00e7u pour am\u00e9liorer la digestion. Il est fabriqu\u00e9 \u00e0 partir d&#039;extraits de chanvre naturels et de cannabino\u00efdes v\u00e9g\u00e9taux tels que le CBD, le CBG, le CBN et le CBC, ainsi que d&#039;huiles essentielles biologiques. Il ne contient ni additifs ni conservateurs, et est riche en om\u00e9ga-3 et om\u00e9ga-6. Il est recommand\u00e9 pour les adultes qui cherchent \u00e0 renforcer leur syst\u00e8me digestif.\" \/>\n<meta property=\"og:url\" content=\"https:\/\/spicyflowers.fr\/?product=huile-de-cbd-15-digestion-facile\" \/>\n<meta property=\"article:modified_time\" content=\"2023-02-15T13:32:27+00:00\" \/>\n<meta property=\"og:image\" content=\"https:\/\/spicyflowers.fr\/wp-content\/uploads\/2023\/01\/318028977_442775041359739_8439864968632986069_n-1-scaled.jpg\" \/>\n\t<meta property=\"og:image:width\" content=\"1920\" \/>\n\t<meta property=\"og:image:height\" content=\"2560\" \/>\n\t<meta property=\"og:image:type\" content=\"image\/jpeg\" \/>\n<meta name=\"twitter:card\" content=\"summary_large_image\" \/>\n<meta name=\"twitter:label1\" content=\"Dur\u00e9e de lecture estim\u00e9e\" \/>\n\t<meta name=\"twitter:data1\" content=\"2 minutes\" \/>\n<script type=\"application\/ld+json\" class=\"yoast-schema-graph\">{\"@context\":\"https:\\\/\\\/schema.org\",\"@graph\":[{\"@type\":\"WebPage\",\"@id\":\"https:\\\/\\\/spicyflowers.fr\\\/?product=huile-de-cbd-15-digestion-facile\",\"url\":\"https:\\\/\\\/spicyflowers.fr\\\/?product=huile-de-cbd-15-digestion-facile\",\"name\":\"Huile de CBD - Digestion Facile 15 % -\",\"isPartOf\":{\"@id\":\"https:\\\/\\\/spicyflowers.fr\\\/#website\"},\"primaryImageOfPage\":{\"@id\":\"https:\\\/\\\/spicyflowers.fr\\\/?product=huile-de-cbd-15-digestion-facile#primaryimage\"},\"image\":{\"@id\":\"https:\\\/\\\/spicyflowers.fr\\\/?product=huile-de-cbd-15-digestion-facile#primaryimage\"},\"thumbnailUrl\":\"https:\\\/\\\/spicyflowers.fr\\\/wp-content\\\/uploads\\\/2023\\\/01\\\/318028977_442775041359739_8439864968632986069_n-1-scaled.jpg\",\"datePublished\":\"2023-01-21T16:29:21+00:00\",\"dateModified\":\"2023-02-15T13:32:27+00:00\",\"description\":\"Stilla Digestion facile est un compl\u00e9ment alimentaire en huile de CBD con\u00e7u pour am\u00e9liorer la digestion. Il est fabriqu\u00e9 \u00e0 partir d'extraits de chanvre naturels et de cannabino\u00efdes v\u00e9g\u00e9taux tels que le CBD, le CBG, le CBN et le CBC, ainsi que d'huiles essentielles biologiques. Il ne contient ni additifs ni conservateurs, et est riche en om\u00e9ga-3 et om\u00e9ga-6. Il est recommand\u00e9 pour les adultes qui cherchent \u00e0 renforcer leur syst\u00e8me digestif.\",\"breadcrumb\":{\"@id\":\"https:\\\/\\\/spicyflowers.fr\\\/?product=huile-de-cbd-15-digestion-facile#breadcrumb\"},\"inLanguage\":\"fr-FR\",\"potentialAction\":[{\"@type\":\"ReadAction\",\"target\":[\"https:\\\/\\\/spicyflowers.fr\\\/?product=huile-de-cbd-15-digestion-facile\"]}]},{\"@type\":\"ImageObject\",\"inLanguage\":\"fr-FR\",\"@id\":\"https:\\\/\\\/spicyflowers.fr\\\/?product=huile-de-cbd-15-digestion-facile#primaryimage\",\"url\":\"https:\\\/\\\/spicyflowers.fr\\\/wp-content\\\/uploads\\\/2023\\\/01\\\/318028977_442775041359739_8439864968632986069_n-1-scaled.jpg\",\"contentUrl\":\"https:\\\/\\\/spicyflowers.fr\\\/wp-content\\\/uploads\\\/2023\\\/01\\\/318028977_442775041359739_8439864968632986069_n-1-scaled.jpg\",\"width\":1920,\"height\":2560,\"caption\":\"Huile de CBD 15% Digestion Facile\"},{\"@type\":\"BreadcrumbList\",\"@id\":\"https:\\\/\\\/spicyflowers.fr\\\/?product=huile-de-cbd-15-digestion-facile#breadcrumb\",\"itemListElement\":[{\"@type\":\"ListItem\",\"position\":1,\"name\":\"Accueil\",\"item\":\"https:\\\/\\\/spicyflowers.fr\\\/\"},{\"@type\":\"ListItem\",\"position\":2,\"name\":\"La boutique Spicy Flowers\",\"item\":\"https:\\\/\\\/spicyflowers.fr\\\/?page_id=5\"},{\"@type\":\"ListItem\",\"position\":3,\"name\":\"Huile de CBD &#8211; Digestion Facile 15 %\"}]},{\"@type\":\"WebSite\",\"@id\":\"https:\\\/\\\/spicyflowers.fr\\\/#website\",\"url\":\"https:\\\/\\\/spicyflowers.fr\\\/\",\"name\":\"SPICYFLOWERS\",\"description\":\"\",\"publisher\":{\"@id\":\"https:\\\/\\\/spicyflowers.fr\\\/#organization\"},\"potentialAction\":[{\"@type\":\"SearchAction\",\"target\":{\"@type\":\"EntryPoint\",\"urlTemplate\":\"https:\\\/\\\/spicyflowers.fr\\\/?s={search_term_string}\"},\"query-input\":{\"@type\":\"PropertyValueSpecification\",\"valueRequired\":true,\"valueName\":\"search_term_string\"}}],\"inLanguage\":\"fr-FR\"},{\"@type\":\"Organization\",\"@id\":\"https:\\\/\\\/spicyflowers.fr\\\/#organization\",\"name\":\"SPICYFLOWERS\",\"url\":\"https:\\\/\\\/spicyflowers.fr\\\/\",\"logo\":{\"@type\":\"ImageObject\",\"inLanguage\":\"fr-FR\",\"@id\":\"https:\\\/\\\/spicyflowers.fr\\\/#\\\/schema\\\/logo\\\/image\\\/\",\"url\":\"https:\\\/\\\/spicyflowers.fr\\\/wp-content\\\/uploads\\\/2025\\\/02\\\/cropped-spicy-flowers.png\",\"contentUrl\":\"https:\\\/\\\/spicyflowers.fr\\\/wp-content\\\/uploads\\\/2025\\\/02\\\/cropped-spicy-flowers.png\",\"width\":1792,\"height\":1792,\"caption\":\"SPICYFLOWERS\"},\"image\":{\"@id\":\"https:\\\/\\\/spicyflowers.fr\\\/#\\\/schema\\\/logo\\\/image\\\/\"}}]}<\/script>\n<!-- \/ Yoast SEO plugin. -->","yoast_head_json":{"title":"Huile de CBD - Digestion Facile 15 % -","description":"Stilla Digestion facile est un compl\u00e9ment alimentaire en huile de CBD con\u00e7u pour am\u00e9liorer la digestion. Il est fabriqu\u00e9 \u00e0 partir d'extraits de chanvre naturels et de cannabino\u00efdes v\u00e9g\u00e9taux tels que le CBD, le CBG, le CBN et le CBC, ainsi que d'huiles essentielles biologiques. Il ne contient ni additifs ni conservateurs, et est riche en om\u00e9ga-3 et om\u00e9ga-6. Il est recommand\u00e9 pour les adultes qui cherchent \u00e0 renforcer leur syst\u00e8me digestif.","robots":{"index":"index","follow":"follow","max-snippet":"max-snippet:-1","max-image-preview":"max-image-preview:large","max-video-preview":"max-video-preview:-1"},"canonical":"https:\/\/spicyflowers.fr\/?product=huile-de-cbd-15-digestion-facile","og_locale":"fr_FR","og_type":"article","og_title":"Huile de CBD - Digestion Facile 15 % -","og_description":"Stilla Digestion facile est un compl\u00e9ment alimentaire en huile de CBD con\u00e7u pour am\u00e9liorer la digestion. Il est fabriqu\u00e9 \u00e0 partir d'extraits de chanvre naturels et de cannabino\u00efdes v\u00e9g\u00e9taux tels que le CBD, le CBG, le CBN et le CBC, ainsi que d'huiles essentielles biologiques. Il ne contient ni additifs ni conservateurs, et est riche en om\u00e9ga-3 et om\u00e9ga-6. Il est recommand\u00e9 pour les adultes qui cherchent \u00e0 renforcer leur syst\u00e8me digestif.","og_url":"https:\/\/spicyflowers.fr\/?product=huile-de-cbd-15-digestion-facile","article_modified_time":"2023-02-15T13:32:27+00:00","og_image":[{"width":1920,"height":2560,"url":"https:\/\/spicyflowers.fr\/wp-content\/uploads\/2023\/01\/318028977_442775041359739_8439864968632986069_n-1-scaled.jpg","type":"image\/jpeg"}],"twitter_card":"summary_large_image","twitter_misc":{"Dur\u00e9e de lecture estim\u00e9e":"2 minutes"},"schema":{"@context":"https:\/\/schema.org","@graph":[{"@type":"WebPage","@id":"https:\/\/spicyflowers.fr\/?product=huile-de-cbd-15-digestion-facile","url":"https:\/\/spicyflowers.fr\/?product=huile-de-cbd-15-digestion-facile","name":"Huile de CBD - Digestion Facile 15 % -","isPartOf":{"@id":"https:\/\/spicyflowers.fr\/#website"},"primaryImageOfPage":{"@id":"https:\/\/spicyflowers.fr\/?product=huile-de-cbd-15-digestion-facile#primaryimage"},"image":{"@id":"https:\/\/spicyflowers.fr\/?product=huile-de-cbd-15-digestion-facile#primaryimage"},"thumbnailUrl":"https:\/\/spicyflowers.fr\/wp-content\/uploads\/2023\/01\/318028977_442775041359739_8439864968632986069_n-1-scaled.jpg","datePublished":"2023-01-21T16:29:21+00:00","dateModified":"2023-02-15T13:32:27+00:00","description":"Stilla Digestion facile est un compl\u00e9ment alimentaire en huile de CBD con\u00e7u pour am\u00e9liorer la digestion. Il est fabriqu\u00e9 \u00e0 partir d'extraits de chanvre naturels et de cannabino\u00efdes v\u00e9g\u00e9taux tels que le CBD, le CBG, le CBN et le CBC, ainsi que d'huiles essentielles biologiques. Il ne contient ni additifs ni conservateurs, et est riche en om\u00e9ga-3 et om\u00e9ga-6. Il est recommand\u00e9 pour les adultes qui cherchent \u00e0 renforcer leur syst\u00e8me digestif.","breadcrumb":{"@id":"https:\/\/spicyflowers.fr\/?product=huile-de-cbd-15-digestion-facile#breadcrumb"},"inLanguage":"fr-FR","potentialAction":[{"@type":"ReadAction","target":["https:\/\/spicyflowers.fr\/?product=huile-de-cbd-15-digestion-facile"]}]},{"@type":"ImageObject","inLanguage":"fr-FR","@id":"https:\/\/spicyflowers.fr\/?product=huile-de-cbd-15-digestion-facile#primaryimage","url":"https:\/\/spicyflowers.fr\/wp-content\/uploads\/2023\/01\/318028977_442775041359739_8439864968632986069_n-1-scaled.jpg","contentUrl":"https:\/\/spicyflowers.fr\/wp-content\/uploads\/2023\/01\/318028977_442775041359739_8439864968632986069_n-1-scaled.jpg","width":1920,"height":2560,"caption":"Huile de CBD 15% Digestion Facile"},{"@type":"BreadcrumbList","@id":"https:\/\/spicyflowers.fr\/?product=huile-de-cbd-15-digestion-facile#breadcrumb","itemListElement":[{"@type":"ListItem","position":1,"name":"Accueil","item":"https:\/\/spicyflowers.fr\/"},{"@type":"ListItem","position":2,"name":"La boutique Spicy Flowers","item":"https:\/\/spicyflowers.fr\/?page_id=5"},{"@type":"ListItem","position":3,"name":"Huile de CBD &#8211; Digestion Facile 15 %"}]},{"@type":"WebSite","@id":"https:\/\/spicyflowers.fr\/#website","url":"https:\/\/spicyflowers.fr\/","name":"SPICYFLOWERS","description":"","publisher":{"@id":"https:\/\/spicyflowers.fr\/#organization"},"potentialAction":[{"@type":"SearchAction","target":{"@type":"EntryPoint","urlTemplate":"https:\/\/spicyflowers.fr\/?s={search_term_string}"},"query-input":{"@type":"PropertyValueSpecification","valueRequired":true,"valueName":"search_term_string"}}],"inLanguage":"fr-FR"},{"@type":"Organization","@id":"https:\/\/spicyflowers.fr\/#organization","name":"SPICYFLOWERS","url":"https:\/\/spicyflowers.fr\/","logo":{"@type":"ImageObject","inLanguage":"fr-FR","@id":"https:\/\/spicyflowers.fr\/#\/schema\/logo\/image\/","url":"https:\/\/spicyflowers.fr\/wp-content\/uploads\/2025\/02\/cropped-spicy-flowers.png","contentUrl":"https:\/\/spicyflowers.fr\/wp-content\/uploads\/2025\/02\/cropped-spicy-flowers.png","width":1792,"height":1792,"caption":"SPICYFLOWERS"},"image":{"@id":"https:\/\/spicyflowers.fr\/#\/schema\/logo\/image\/"}}]}},"_links":{"self":[{"href":"https:\/\/spicyflowers.fr\/index.php?rest_route=\/wp\/v2\/product\/388","targetHints":{"allow":["GET"]}}],"collection":[{"href":"https:\/\/spicyflowers.fr\/index.php?rest_route=\/wp\/v2\/product"}],"about":[{"href":"https:\/\/spicyflowers.fr\/index.php?rest_route=\/wp\/v2\/types\/product"}],"replies":[{"embeddable":true,"href":"https:\/\/spicyflowers.fr\/index.php?rest_route=%2Fwp%2Fv2%2Fcomments&post=388"}],"version-history":[{"count":1,"href":"https:\/\/spicyflowers.fr\/index.php?rest_route=\/wp\/v2\/product\/388\/revisions"}],"predecessor-version":[{"id":898,"href":"https:\/\/spicyflowers.fr\/index.php?rest_route=\/wp\/v2\/product\/388\/revisions\/898"}],"wp:featuredmedia":[{"embeddable":true,"href":"https:\/\/spicyflowers.fr\/index.php?rest_route=\/wp\/v2\/media\/381"}],"wp:attachment":[{"href":"https:\/\/spicyflowers.fr\/index.php?rest_route=%2Fwp%2Fv2%2Fmedia&parent=388"}],"wp:term":[{"taxonomy":"product_brand","embeddable":true,"href":"https:\/\/spicyflowers.fr\/index.php?rest_route=%2Fwp%2Fv2%2Fproduct_brand&post=388"},{"taxonomy":"product_cat","embeddable":true,"href":"https:\/\/spicyflowers.fr\/index.php?rest_route=%2Fwp%2Fv2%2Fproduct_cat&post=388"},{"taxonomy":"product_tag","embeddable":true,"href":"https:\/\/spicyflowers.fr\/index.php?rest_route=%2Fwp%2Fv2%2Fproduct_tag&post=388"}],"curies":[{"name":"wp","href":"https:\/\/api.w.org\/{rel}","templated":true}]}}