{"id":330,"date":"2023-01-21T14:55:15","date_gmt":"2023-01-21T14:55:15","guid":{"rendered":"https:\/\/spicyflowers.fr\/?post_type=product&#038;p=330"},"modified":"2023-02-15T13:41:41","modified_gmt":"2023-02-15T13:41:41","slug":"le-savon-bio-a-lhuile-de-chanvre-canopee","status":"publish","type":"product","link":"https:\/\/spicyflowers.fr\/?product=le-savon-bio-a-lhuile-de-chanvre-canopee","title":{"rendered":"Le Savon bio \u00e0 l\u2019huile de chanvre CAN\u2019OPEE"},"content":{"rendered":"<p>Ce savon artisanal \u00e0 l\u2019huile de chanvre, surgras, nettoie la peau sans l\u2019agresser, en respectant son film hydrolipidique. La peau retrouve souplesse et confort, il n\u2019est plus n\u00e9cessaire d\u2019utiliser un lait apr\u00e8s le bain ou la douche.<br \/>\nSa fabrication artisanale, sans tensio-actif et par saponification \u00e0 froid, permet de ne pas alt\u00e9rer les composants et de b\u00e9n\u00e9ficier ainsi de toutes leurs vertus.<br \/>\nCosm\u00e9tique responsable et vegan.<\/p>\n<p>Poids : mini 200gr<br \/>\n\u201cLe Savon\u201d de Can\u2019Op\u00e9e b\u00e9n\u00e9ficie de la mention Nature et Progr\u00e8s.<\/p>\n","protected":false},"excerpt":{"rendered":"<p>Ce savon artisanal \u00e0 l\u2019huile de chanvre, surgras, nettoie la peau sans l\u2019agresser, en respectant son film hydrolipidique. La peau retrouve souplesse et confort, il n\u2019est plus n\u00e9cessaire d\u2019utiliser un lait apr\u00e8s le bain ou la douche.<\/p>\n","protected":false},"featured_media":331,"comment_status":"open","ping_status":"closed","template":"","meta":{"site-sidebar-layout":"default","site-content-layout":"","ast-site-content-layout":"default","site-content-style":"default","site-sidebar-style":"default","ast-global-header-display":"","ast-banner-title-visibility":"","ast-main-header-display":"","ast-hfb-above-header-display":"","ast-hfb-below-header-display":"","ast-hfb-mobile-header-display":"","site-post-title":"","ast-breadcrumbs-content":"","ast-featured-img":"","footer-sml-layout":"","ast-disable-related-posts":"","theme-transparent-header-meta":"","adv-header-id-meta":"","stick-header-meta":"","header-above-stick-meta":"","header-main-stick-meta":"","header-below-stick-meta":"","astra-migrate-meta-layouts":"default","ast-page-background-enabled":"default","ast-page-background-meta":{"desktop":{"background-color":"var(--ast-global-color-4)","background-image":"","background-repeat":"repeat","background-position":"center center","background-size":"auto","background-attachment":"scroll","background-type":"","background-media":"","overlay-type":"","overlay-color":"","overlay-opacity":"","overlay-gradient":""},"tablet":{"background-color":"","background-image":"","background-repeat":"repeat","background-position":"center center","background-size":"auto","background-attachment":"scroll","background-type":"","background-media":"","overlay-type":"","overlay-color":"","overlay-opacity":"","overlay-gradient":""},"mobile":{"background-color":"","background-image":"","background-repeat":"repeat","background-position":"center center","background-size":"auto","background-attachment":"scroll","background-type":"","background-media":"","overlay-type":"","overlay-color":"","overlay-opacity":"","overlay-gradient":""}},"ast-content-background-meta":{"desktop":{"background-color":"var(--ast-global-color-5)","background-image":"","background-repeat":"repeat","background-position":"center center","background-size":"auto","background-attachment":"scroll","background-type":"","background-media":"","overlay-type":"","overlay-color":"","overlay-opacity":"","overlay-gradient":""},"tablet":{"background-color":"var(--ast-global-color-5)","background-image":"","background-repeat":"repeat","background-position":"center center","background-size":"auto","background-attachment":"scroll","background-type":"","background-media":"","overlay-type":"","overlay-color":"","overlay-opacity":"","overlay-gradient":""},"mobile":{"background-color":"var(--ast-global-color-5)","background-image":"","background-repeat":"repeat","background-position":"center center","background-size":"auto","background-attachment":"scroll","background-type":"","background-media":"","overlay-type":"","overlay-color":"","overlay-opacity":"","overlay-gradient":""}}},"product_brand":[],"product_cat":[41],"product_tag":[],"class_list":{"0":"post-330","1":"product","2":"type-product","3":"status-publish","4":"has-post-thumbnail","6":"product_cat-cosmetiques-cbd","7":"desktop-align-left","8":"tablet-align-left","9":"mobile-align-left","11":"first","12":"instock","13":"taxable","14":"shipping-taxable","15":"purchasable","16":"product-type-simple"},"yoast_head":"<!-- This site is optimized with the Yoast SEO plugin v27.3 - https:\/\/yoast.com\/product\/yoast-seo-wordpress\/ -->\n<title>Le Savon bio \u00e0 l\u2019huile de chanvre CAN\u2019OPEE -<\/title>\n<meta name=\"description\" content=\"Ce savon artisanal \u00e0 l\u2019huile de chanvre, surgras, nettoie la peau sans l\u2019agresser, en respectant son film hydrolipidique. La peau retrouve souplesse et confort, il n\u2019est plus n\u00e9cessaire d\u2019utiliser un lait apr\u00e8s le bain ou la douche.\" \/>\n<meta name=\"robots\" content=\"index, follow, max-snippet:-1, max-image-preview:large, max-video-preview:-1\" \/>\n<link rel=\"canonical\" href=\"https:\/\/spicyflowers.fr\/?product=le-savon-bio-a-lhuile-de-chanvre-canopee\" \/>\n<meta property=\"og:locale\" content=\"fr_FR\" \/>\n<meta property=\"og:type\" content=\"article\" \/>\n<meta property=\"og:title\" content=\"Le Savon bio \u00e0 l\u2019huile de chanvre CAN\u2019OPEE -\" \/>\n<meta property=\"og:description\" content=\"Ce savon artisanal \u00e0 l\u2019huile de chanvre, surgras, nettoie la peau sans l\u2019agresser, en respectant son film hydrolipidique. La peau retrouve souplesse et confort, il n\u2019est plus n\u00e9cessaire d\u2019utiliser un lait apr\u00e8s le bain ou la douche.\" \/>\n<meta property=\"og:url\" content=\"https:\/\/spicyflowers.fr\/?product=le-savon-bio-a-lhuile-de-chanvre-canopee\" \/>\n<meta property=\"article:modified_time\" content=\"2023-02-15T13:41:41+00:00\" \/>\n<meta property=\"og:image\" content=\"https:\/\/spicyflowers.fr\/wp-content\/uploads\/2023\/01\/Capture-decran-2023-01-21-a-15.53.34.png\" \/>\n\t<meta property=\"og:image:width\" content=\"1768\" \/>\n\t<meta property=\"og:image:height\" content=\"1384\" \/>\n\t<meta property=\"og:image:type\" content=\"image\/png\" \/>\n<meta name=\"twitter:card\" content=\"summary_large_image\" \/>\n<meta name=\"twitter:label1\" content=\"Dur\u00e9e de lecture estim\u00e9e\" \/>\n\t<meta name=\"twitter:data1\" content=\"1 minute\" \/>\n<script type=\"application\/ld+json\" class=\"yoast-schema-graph\">{\"@context\":\"https:\\\/\\\/schema.org\",\"@graph\":[{\"@type\":\"WebPage\",\"@id\":\"https:\\\/\\\/spicyflowers.fr\\\/?product=le-savon-bio-a-lhuile-de-chanvre-canopee\",\"url\":\"https:\\\/\\\/spicyflowers.fr\\\/?product=le-savon-bio-a-lhuile-de-chanvre-canopee\",\"name\":\"Le Savon bio \u00e0 l\u2019huile de chanvre CAN\u2019OPEE -\",\"isPartOf\":{\"@id\":\"https:\\\/\\\/spicyflowers.fr\\\/#website\"},\"primaryImageOfPage\":{\"@id\":\"https:\\\/\\\/spicyflowers.fr\\\/?product=le-savon-bio-a-lhuile-de-chanvre-canopee#primaryimage\"},\"image\":{\"@id\":\"https:\\\/\\\/spicyflowers.fr\\\/?product=le-savon-bio-a-lhuile-de-chanvre-canopee#primaryimage\"},\"thumbnailUrl\":\"https:\\\/\\\/spicyflowers.fr\\\/wp-content\\\/uploads\\\/2023\\\/01\\\/Capture-decran-2023-01-21-a-15.53.34.png\",\"datePublished\":\"2023-01-21T14:55:15+00:00\",\"dateModified\":\"2023-02-15T13:41:41+00:00\",\"description\":\"Ce savon artisanal \u00e0 l\u2019huile de chanvre, surgras, nettoie la peau sans l\u2019agresser, en respectant son film hydrolipidique. La peau retrouve souplesse et confort, il n\u2019est plus n\u00e9cessaire d\u2019utiliser un lait apr\u00e8s le bain ou la douche.\",\"breadcrumb\":{\"@id\":\"https:\\\/\\\/spicyflowers.fr\\\/?product=le-savon-bio-a-lhuile-de-chanvre-canopee#breadcrumb\"},\"inLanguage\":\"fr-FR\",\"potentialAction\":[{\"@type\":\"ReadAction\",\"target\":[\"https:\\\/\\\/spicyflowers.fr\\\/?product=le-savon-bio-a-lhuile-de-chanvre-canopee\"]}]},{\"@type\":\"ImageObject\",\"inLanguage\":\"fr-FR\",\"@id\":\"https:\\\/\\\/spicyflowers.fr\\\/?product=le-savon-bio-a-lhuile-de-chanvre-canopee#primaryimage\",\"url\":\"https:\\\/\\\/spicyflowers.fr\\\/wp-content\\\/uploads\\\/2023\\\/01\\\/Capture-decran-2023-01-21-a-15.53.34.png\",\"contentUrl\":\"https:\\\/\\\/spicyflowers.fr\\\/wp-content\\\/uploads\\\/2023\\\/01\\\/Capture-decran-2023-01-21-a-15.53.34.png\",\"width\":1768,\"height\":1384,\"caption\":\"Le Savon bio \u00e0 l\u2019huile de chanvre CAN\u2019OPEE\"},{\"@type\":\"BreadcrumbList\",\"@id\":\"https:\\\/\\\/spicyflowers.fr\\\/?product=le-savon-bio-a-lhuile-de-chanvre-canopee#breadcrumb\",\"itemListElement\":[{\"@type\":\"ListItem\",\"position\":1,\"name\":\"Accueil\",\"item\":\"https:\\\/\\\/spicyflowers.fr\\\/\"},{\"@type\":\"ListItem\",\"position\":2,\"name\":\"La boutique Spicy Flowers\",\"item\":\"https:\\\/\\\/spicyflowers.fr\\\/?page_id=5\"},{\"@type\":\"ListItem\",\"position\":3,\"name\":\"Le Savon bio \u00e0 l\u2019huile de chanvre CAN\u2019OPEE\"}]},{\"@type\":\"WebSite\",\"@id\":\"https:\\\/\\\/spicyflowers.fr\\\/#website\",\"url\":\"https:\\\/\\\/spicyflowers.fr\\\/\",\"name\":\"SPICYFLOWERS\",\"description\":\"\",\"publisher\":{\"@id\":\"https:\\\/\\\/spicyflowers.fr\\\/#organization\"},\"potentialAction\":[{\"@type\":\"SearchAction\",\"target\":{\"@type\":\"EntryPoint\",\"urlTemplate\":\"https:\\\/\\\/spicyflowers.fr\\\/?s={search_term_string}\"},\"query-input\":{\"@type\":\"PropertyValueSpecification\",\"valueRequired\":true,\"valueName\":\"search_term_string\"}}],\"inLanguage\":\"fr-FR\"},{\"@type\":\"Organization\",\"@id\":\"https:\\\/\\\/spicyflowers.fr\\\/#organization\",\"name\":\"SPICYFLOWERS\",\"url\":\"https:\\\/\\\/spicyflowers.fr\\\/\",\"logo\":{\"@type\":\"ImageObject\",\"inLanguage\":\"fr-FR\",\"@id\":\"https:\\\/\\\/spicyflowers.fr\\\/#\\\/schema\\\/logo\\\/image\\\/\",\"url\":\"https:\\\/\\\/spicyflowers.fr\\\/wp-content\\\/uploads\\\/2025\\\/02\\\/cropped-spicy-flowers.png\",\"contentUrl\":\"https:\\\/\\\/spicyflowers.fr\\\/wp-content\\\/uploads\\\/2025\\\/02\\\/cropped-spicy-flowers.png\",\"width\":1792,\"height\":1792,\"caption\":\"SPICYFLOWERS\"},\"image\":{\"@id\":\"https:\\\/\\\/spicyflowers.fr\\\/#\\\/schema\\\/logo\\\/image\\\/\"}}]}<\/script>\n<!-- \/ Yoast SEO plugin. -->","yoast_head_json":{"title":"Le Savon bio \u00e0 l\u2019huile de chanvre CAN\u2019OPEE -","description":"Ce savon artisanal \u00e0 l\u2019huile de chanvre, surgras, nettoie la peau sans l\u2019agresser, en respectant son film hydrolipidique. La peau retrouve souplesse et confort, il n\u2019est plus n\u00e9cessaire d\u2019utiliser un lait apr\u00e8s le bain ou la douche.","robots":{"index":"index","follow":"follow","max-snippet":"max-snippet:-1","max-image-preview":"max-image-preview:large","max-video-preview":"max-video-preview:-1"},"canonical":"https:\/\/spicyflowers.fr\/?product=le-savon-bio-a-lhuile-de-chanvre-canopee","og_locale":"fr_FR","og_type":"article","og_title":"Le Savon bio \u00e0 l\u2019huile de chanvre CAN\u2019OPEE -","og_description":"Ce savon artisanal \u00e0 l\u2019huile de chanvre, surgras, nettoie la peau sans l\u2019agresser, en respectant son film hydrolipidique. La peau retrouve souplesse et confort, il n\u2019est plus n\u00e9cessaire d\u2019utiliser un lait apr\u00e8s le bain ou la douche.","og_url":"https:\/\/spicyflowers.fr\/?product=le-savon-bio-a-lhuile-de-chanvre-canopee","article_modified_time":"2023-02-15T13:41:41+00:00","og_image":[{"width":1768,"height":1384,"url":"https:\/\/spicyflowers.fr\/wp-content\/uploads\/2023\/01\/Capture-decran-2023-01-21-a-15.53.34.png","type":"image\/png"}],"twitter_card":"summary_large_image","twitter_misc":{"Dur\u00e9e de lecture estim\u00e9e":"1 minute"},"schema":{"@context":"https:\/\/schema.org","@graph":[{"@type":"WebPage","@id":"https:\/\/spicyflowers.fr\/?product=le-savon-bio-a-lhuile-de-chanvre-canopee","url":"https:\/\/spicyflowers.fr\/?product=le-savon-bio-a-lhuile-de-chanvre-canopee","name":"Le Savon bio \u00e0 l\u2019huile de chanvre CAN\u2019OPEE -","isPartOf":{"@id":"https:\/\/spicyflowers.fr\/#website"},"primaryImageOfPage":{"@id":"https:\/\/spicyflowers.fr\/?product=le-savon-bio-a-lhuile-de-chanvre-canopee#primaryimage"},"image":{"@id":"https:\/\/spicyflowers.fr\/?product=le-savon-bio-a-lhuile-de-chanvre-canopee#primaryimage"},"thumbnailUrl":"https:\/\/spicyflowers.fr\/wp-content\/uploads\/2023\/01\/Capture-decran-2023-01-21-a-15.53.34.png","datePublished":"2023-01-21T14:55:15+00:00","dateModified":"2023-02-15T13:41:41+00:00","description":"Ce savon artisanal \u00e0 l\u2019huile de chanvre, surgras, nettoie la peau sans l\u2019agresser, en respectant son film hydrolipidique. La peau retrouve souplesse et confort, il n\u2019est plus n\u00e9cessaire d\u2019utiliser un lait apr\u00e8s le bain ou la douche.","breadcrumb":{"@id":"https:\/\/spicyflowers.fr\/?product=le-savon-bio-a-lhuile-de-chanvre-canopee#breadcrumb"},"inLanguage":"fr-FR","potentialAction":[{"@type":"ReadAction","target":["https:\/\/spicyflowers.fr\/?product=le-savon-bio-a-lhuile-de-chanvre-canopee"]}]},{"@type":"ImageObject","inLanguage":"fr-FR","@id":"https:\/\/spicyflowers.fr\/?product=le-savon-bio-a-lhuile-de-chanvre-canopee#primaryimage","url":"https:\/\/spicyflowers.fr\/wp-content\/uploads\/2023\/01\/Capture-decran-2023-01-21-a-15.53.34.png","contentUrl":"https:\/\/spicyflowers.fr\/wp-content\/uploads\/2023\/01\/Capture-decran-2023-01-21-a-15.53.34.png","width":1768,"height":1384,"caption":"Le Savon bio \u00e0 l\u2019huile de chanvre CAN\u2019OPEE"},{"@type":"BreadcrumbList","@id":"https:\/\/spicyflowers.fr\/?product=le-savon-bio-a-lhuile-de-chanvre-canopee#breadcrumb","itemListElement":[{"@type":"ListItem","position":1,"name":"Accueil","item":"https:\/\/spicyflowers.fr\/"},{"@type":"ListItem","position":2,"name":"La boutique Spicy Flowers","item":"https:\/\/spicyflowers.fr\/?page_id=5"},{"@type":"ListItem","position":3,"name":"Le Savon bio \u00e0 l\u2019huile de chanvre CAN\u2019OPEE"}]},{"@type":"WebSite","@id":"https:\/\/spicyflowers.fr\/#website","url":"https:\/\/spicyflowers.fr\/","name":"SPICYFLOWERS","description":"","publisher":{"@id":"https:\/\/spicyflowers.fr\/#organization"},"potentialAction":[{"@type":"SearchAction","target":{"@type":"EntryPoint","urlTemplate":"https:\/\/spicyflowers.fr\/?s={search_term_string}"},"query-input":{"@type":"PropertyValueSpecification","valueRequired":true,"valueName":"search_term_string"}}],"inLanguage":"fr-FR"},{"@type":"Organization","@id":"https:\/\/spicyflowers.fr\/#organization","name":"SPICYFLOWERS","url":"https:\/\/spicyflowers.fr\/","logo":{"@type":"ImageObject","inLanguage":"fr-FR","@id":"https:\/\/spicyflowers.fr\/#\/schema\/logo\/image\/","url":"https:\/\/spicyflowers.fr\/wp-content\/uploads\/2025\/02\/cropped-spicy-flowers.png","contentUrl":"https:\/\/spicyflowers.fr\/wp-content\/uploads\/2025\/02\/cropped-spicy-flowers.png","width":1792,"height":1792,"caption":"SPICYFLOWERS"},"image":{"@id":"https:\/\/spicyflowers.fr\/#\/schema\/logo\/image\/"}}]}},"_links":{"self":[{"href":"https:\/\/spicyflowers.fr\/index.php?rest_route=\/wp\/v2\/product\/330","targetHints":{"allow":["GET"]}}],"collection":[{"href":"https:\/\/spicyflowers.fr\/index.php?rest_route=\/wp\/v2\/product"}],"about":[{"href":"https:\/\/spicyflowers.fr\/index.php?rest_route=\/wp\/v2\/types\/product"}],"replies":[{"embeddable":true,"href":"https:\/\/spicyflowers.fr\/index.php?rest_route=%2Fwp%2Fv2%2Fcomments&post=330"}],"version-history":[{"count":1,"href":"https:\/\/spicyflowers.fr\/index.php?rest_route=\/wp\/v2\/product\/330\/revisions"}],"predecessor-version":[{"id":1453,"href":"https:\/\/spicyflowers.fr\/index.php?rest_route=\/wp\/v2\/product\/330\/revisions\/1453"}],"wp:featuredmedia":[{"embeddable":true,"href":"https:\/\/spicyflowers.fr\/index.php?rest_route=\/wp\/v2\/media\/331"}],"wp:attachment":[{"href":"https:\/\/spicyflowers.fr\/index.php?rest_route=%2Fwp%2Fv2%2Fmedia&parent=330"}],"wp:term":[{"taxonomy":"product_brand","embeddable":true,"href":"https:\/\/spicyflowers.fr\/index.php?rest_route=%2Fwp%2Fv2%2Fproduct_brand&post=330"},{"taxonomy":"product_cat","embeddable":true,"href":"https:\/\/spicyflowers.fr\/index.php?rest_route=%2Fwp%2Fv2%2Fproduct_cat&post=330"},{"taxonomy":"product_tag","embeddable":true,"href":"https:\/\/spicyflowers.fr\/index.php?rest_route=%2Fwp%2Fv2%2Fproduct_tag&post=330"}],"curies":[{"name":"wp","href":"https:\/\/api.w.org\/{rel}","templated":true}]}}